Dec 03 15:51:13.150 INFO testing clowder-0.3.0 against master#8940af3cea4a9a9deabcaf843b2f8cad9a83fc61 for beta-1.31-5
Dec 03 15:51:13.150 INFO running `"docker" "create" "-v" "/mnt/big/crater/work/local/target-dirs/beta-1.31-5/worker-1/master#8940af3cea4a9a9deabcaf843b2f8cad9a83fc61:/target:rw,Z" "-v" "/mnt/big/crater/work/local/test-source/worker-1/beta-1.31-5/master#8940af3cea4a9a9deabcaf843b2f8cad9a83fc61:/source:ro,Z" "-v" "/mnt/big/crater/work/local/cargo-home:/cargo-home:ro,Z" "-v" "/mnt/big/crater/work/local/rustup-home:/rustup-home:ro,Z" "-e" "USER_ID=1000" "-e" "SOURCE_DIR=/source" "-e" "USER_ID=1000" "-e" "CMD=cargo +8940af3cea4a9a9deabcaf843b2f8cad9a83fc61-alt build --frozen" "-e" "CARGO_TARGET_DIR=/target" "-e" "CARGO_INCREMENTAL=0" "-e" "RUST_BACKTRACE=full" "-e" "RUSTFLAGS=--cap-lints=warn" "-e" "CARGO_HOME=/cargo-home" "-e" "RUSTUP_HOME=/rustup-home" "-m" "1536M" "--network" "none" "crater"`
Dec 03 15:51:13.353 INFO [stdout] 0031e947e6740b99478da32842f2b21ca5ce51e5554b3b22ddc3758a068e0800
Dec 03 15:51:13.355 INFO running `"docker" "start" "-a" "0031e947e6740b99478da32842f2b21ca5ce51e5554b3b22ddc3758a068e0800"`
Dec 03 15:51:13.791 INFO [stderr] usermod: no changes
Dec 03 15:51:14.023 INFO [stderr]    Compiling maud_htmlescape v0.17.0
Dec 03 15:51:14.023 INFO [stderr]    Compiling literalext v0.1.1
Dec 03 15:51:14.027 INFO [stderr]    Compiling marksman_escape v0.1.2
Dec 03 15:51:14.030 INFO [stderr]    Compiling pear_codegen v0.0.20
Dec 03 15:51:14.030 INFO [stderr]    Compiling rocket v0.3.17
Dec 03 15:51:14.030 INFO [stderr]    Compiling rocket_codegen v0.3.17
Dec 03 15:51:14.039 INFO [stderr]    Compiling clowder v0.3.0 (/source)
Dec 03 15:51:14.041 INFO [stderr]    Compiling chrono-humanize v0.0.11
Dec 03 15:51:14.352 INFO [stderr] error: failed to run custom build command for `rocket v0.3.17`
Dec 03 15:51:14.352 INFO [stderr] process didn't exit successfully: `/target/debug/build/rocket-6877f3be50dcc505/build-script-build` (exit code: 101)
Dec 03 15:51:14.352 INFO [stderr] --- stderr
Dec 03 15:51:14.352 INFO [stderr] [1;31mError:[0m [37mRocket requires a nightly or dev version of Rust.[0m
Dec 03 15:51:14.352 INFO [stderr] [37mInstalled version is:[0m [33m1.31.0-beta.20 (2018-11-30)[0m. [37mMinimum required:[0m [33m1.27.0-nightly (2018-04-26)[0m.
Dec 03 15:51:14.352 INFO [stderr] [34mSee the getting started guide ([0m[37mhttps://rocket.rs/guide/getting-started/[0m[34m) for more information.[0m
Dec 03 15:51:14.352 INFO [stderr] thread 'main' panicked at 'Aborting compilation due to incompatible compiler.', /cargo-home/registry/src/github.com-1ecc6299db9ec823/rocket-0.3.17/build.rs:38:13
Dec 03 15:51:14.352 INFO [stderr] stack backtrace:
Dec 03 15:51:14.352 INFO [stderr]    0:     0x555635eea4bf - std::sys::unix::backtrace::tracing::imp::unwind_backtrace::h3a8b83e1922cbdde
Dec 03 15:51:14.352 INFO [stderr]                                at libstd/sys/unix/backtrace/tracing/gcc_s.rs:49
Dec 03 15:51:14.352 INFO [stderr]    1:     0x555635ef5e97 - std::sys_common::backtrace::print::h00d3155a29b4020f
Dec 03 15:51:14.352 INFO [stderr]                                at libstd/sys_common/backtrace.rs:71
Dec 03 15:51:14.352 INFO [stderr]                                at libstd/sys_common/backtrace.rs:59
Dec 03 15:51:14.352 INFO [stderr]    2:     0x555635eeed5f - std::panicking::default_hook::{{closure}}::hd7465c742e79e1bb
Dec 03 15:51:14.352 INFO [stderr]                                at libstd/panicking.rs:211
Dec 03 15:51:14.352 INFO [stderr]    3:     0x555635eeeac4 - std::panicking::default_hook::h9e3966f2aa2a6e12
Dec 03 15:51:14.352 INFO [stderr]                                at libstd/panicking.rs:227
Dec 03 15:51:14.352 INFO [stderr]    4:     0x555635eef38e - std::panicking::rust_panic_with_hook::h587f091ae747d080
Dec 03 15:51:14.352 INFO [stderr]                                at libstd/panicking.rs:476
Dec 03 15:51:14.352 INFO [stderr]    5:     0x555635ec0ef3 - std::panicking::begin_panic::h23eecaef6526ec18
Dec 03 15:51:14.352 INFO [stderr]                                at libstd/panicking.rs:410
Dec 03 15:51:14.352 INFO [stderr]    6:     0x555635ebefb5 - build_script_build::main::hf4a58592e5df52f0
Dec 03 15:51:14.352 INFO [stderr]                                at /cargo-home/registry/src/github.com-1ecc6299db9ec823/rocket-0.3.17/build.rs:38
Dec 03 15:51:14.352 INFO [stderr]    7:     0x555635ec17df - std::rt::lang_start::{{closure}}::hfed5074a970f8a15
Dec 03 15:51:14.352 INFO [stderr]                                at libstd/rt.rs:74
Dec 03 15:51:14.352 INFO [stderr]    8:     0x555635eeee02 - std::panicking::try::do_call::h52e7f80ff0fdcc45
Dec 03 15:51:14.352 INFO [stderr]                                at libstd/rt.rs:59
Dec 03 15:51:14.352 INFO [stderr]                                at libstd/panicking.rs:310
Dec 03 15:51:14.352 INFO [stderr]    9:     0x555635f00e49 - __rust_maybe_catch_panic
Dec 03 15:51:14.352 INFO [stderr]                                at libpanic_unwind/lib.rs:102
Dec 03 15:51:14.352 INFO [stderr]   10:     0x555635edeb1a - std::rt::lang_start_internal::h38cae898de7f805c
Dec 03 15:51:14.352 INFO [stderr]                                at libstd/panicking.rs:289
Dec 03 15:51:14.352 INFO [stderr]                                at libstd/panic.rs:392
Dec 03 15:51:14.352 INFO [stderr]                                at libstd/rt.rs:58
Dec 03 15:51:14.352 INFO [stderr]   11:     0x555635ec17b8 - std::rt::lang_start::h646c4981e0fa06cc
Dec 03 15:51:14.352 INFO [stderr]                                at libstd/rt.rs:74
Dec 03 15:51:14.352 INFO [stderr]   12:     0x555635ebfe89 - main
Dec 03 15:51:14.352 INFO [stderr]   13:     0x7f11072d182f - __libc_start_main
Dec 03 15:51:14.352 INFO [stderr]   14:     0x555635ebe658 - _start
Dec 03 15:51:14.352 INFO [stderr]   15:                0x0 - <unknown>
Dec 03 15:51:14.352 INFO [stderr] 
Dec 03 15:51:14.352 INFO [stderr] warning: build failed, waiting for other jobs to finish...
Dec 03 15:51:14.361 INFO [stderr] error: failed to run custom build command for `pear_codegen v0.0.20`
Dec 03 15:51:14.362 INFO [stderr] process didn't exit successfully: `/target/debug/build/pear_codegen-545f8475d142af57/build-script-build` (exit code: 101)
Dec 03 15:51:14.362 INFO [stderr] --- stderr
Dec 03 15:51:14.362 INFO [stderr] [1;31mError:[0m [37mPear requires a nightly or dev version of Rust.[0m
Dec 03 15:51:14.362 INFO [stderr] [37mInstalled version is:[0m [33m1.31.0-beta.20 (2018-11-30)[0m. [37mMinimum required:[0m [33m1.30.0-nightly (2018-08-23)[0m.
Dec 03 15:51:14.362 INFO [stderr] thread 'main' panicked at 'Aborting compilation due to incompatible compiler.', /cargo-home/registry/src/github.com-1ecc6299db9ec823/pear_codegen-0.0.20/build.rs:31:13
Dec 03 15:51:14.362 INFO [stderr] stack backtrace:
Dec 03 15:51:14.362 INFO [stderr]    0:     0x557b3cda527f - std::sys::unix::backtrace::tracing::imp::unwind_backtrace::h3a8b83e1922cbdde
Dec 03 15:51:14.362 INFO [stderr]                                at libstd/sys/unix/backtrace/tracing/gcc_s.rs:49
Dec 03 15:51:14.362 INFO [stderr]    1:     0x557b3cdb0c57 - std::sys_common::backtrace::print::h00d3155a29b4020f
Dec 03 15:51:14.362 INFO [stderr]                                at libstd/sys_common/backtrace.rs:71
Dec 03 15:51:14.362 INFO [stderr]                                at libstd/sys_common/backtrace.rs:59
Dec 03 15:51:14.362 INFO [stderr]    2:     0x557b3cda9b1f - std::panicking::default_hook::{{closure}}::hd7465c742e79e1bb
Dec 03 15:51:14.362 INFO [stderr]                                at libstd/panicking.rs:211
Dec 03 15:51:14.362 INFO [stderr]    3:     0x557b3cda9884 - std::panicking::default_hook::h9e3966f2aa2a6e12
Dec 03 15:51:14.362 INFO [stderr]                                at libstd/panicking.rs:227
Dec 03 15:51:14.362 INFO [stderr]    4:     0x557b3cdaa14e - std::panicking::rust_panic_with_hook::h587f091ae747d080
Dec 03 15:51:14.362 INFO [stderr]                                at libstd/panicking.rs:476
Dec 03 15:51:14.362 INFO [stderr]    5:     0x557b3cd7bcb3 - std::panicking::begin_panic::h4e3730271beb8b92
Dec 03 15:51:14.362 INFO [stderr]                                at libstd/panicking.rs:410
Dec 03 15:51:14.362 INFO [stderr]    6:     0x557b3cd79d78 - build_script_build::main::hd397855388fb565b
Dec 03 15:51:14.362 INFO [stderr]                                at /cargo-home/registry/src/github.com-1ecc6299db9ec823/pear_codegen-0.0.20/build.rs:31
Dec 03 15:51:14.362 INFO [stderr]    7:     0x557b3cd7c59f - std::rt::lang_start::{{closure}}::h7b3193c265bb446b
Dec 03 15:51:14.362 INFO [stderr]                                at libstd/rt.rs:74
Dec 03 15:51:14.362 INFO [stderr]    8:     0x557b3cda9bc2 - std::panicking::try::do_call::h52e7f80ff0fdcc45
Dec 03 15:51:14.362 INFO [stderr]                                at libstd/rt.rs:59
Dec 03 15:51:14.362 INFO [stderr]                                at libstd/panicking.rs:310
Dec 03 15:51:14.362 INFO [stderr]    9:     0x557b3cdbbc09 - __rust_maybe_catch_panic
Dec 03 15:51:14.362 INFO [stderr]                                at libpanic_unwind/lib.rs:102
Dec 03 15:51:14.362 INFO [stderr]   10:     0x557b3cd998da - std::rt::lang_start_internal::h38cae898de7f805c
Dec 03 15:51:14.362 INFO [stderr]                                at libstd/panicking.rs:289
Dec 03 15:51:14.362 INFO [stderr]                                at libstd/panic.rs:392
Dec 03 15:51:14.362 INFO [stderr]                                at libstd/rt.rs:58
Dec 03 15:51:14.362 INFO [stderr]   11:     0x557b3cd7c578 - std::rt::lang_start::h40513075cbc2edc4
Dec 03 15:51:14.362 INFO [stderr]                                at libstd/rt.rs:74
Dec 03 15:51:14.362 INFO [stderr]   12:     0x557b3cd7ac49 - main
Dec 03 15:51:14.362 INFO [stderr]   13:     0x7ff2c7f3d82f - __libc_start_main
Dec 03 15:51:14.362 INFO [stderr]   14:     0x557b3cd79658 - _start
Dec 03 15:51:14.362 INFO [stderr]   15:                0x0 - <unknown>
Dec 03 15:51:14.362 INFO [stderr] 
Dec 03 15:51:14.362 INFO [stderr] warning: build failed, waiting for other jobs to finish...
Dec 03 15:51:14.398 INFO [stderr] error: failed to run custom build command for `rocket_codegen v0.3.17`
Dec 03 15:51:14.398 INFO [stderr] process didn't exit successfully: `/target/debug/build/rocket_codegen-3a54d251231151b7/build-script-build` (exit code: 101)
Dec 03 15:51:14.398 INFO [stderr] --- stderr
Dec 03 15:51:14.398 INFO [stderr] [1;31mError:[0m [37mRocket requires a nightly or dev version of Rust.[0m
Dec 03 15:51:14.398 INFO [stderr] [37mInstalled version is:[0m [33m1.31.0-beta.20 (2018-11-30)[0m. [37mMinimum required:[0m [33m1.30.0-nightly (2018-08-23)[0m.
Dec 03 15:51:14.398 INFO [stderr] [34mSee the getting started guide ([0m[37mhttps://rocket.rs/guide/getting-started/[0m[34m) for more information.[0m
Dec 03 15:51:14.398 INFO [stderr] thread 'main' panicked at 'Aborting compilation due to incompatible compiler.', /cargo-home/registry/src/github.com-1ecc6299db9ec823/rocket_codegen-0.3.17/build.rs:38:17
Dec 03 15:51:14.398 INFO [stderr] stack backtrace:
Dec 03 15:51:14.398 INFO [stderr]    0:     0x557d4549a4af - std::sys::unix::backtrace::tracing::imp::unwind_backtrace::h3a8b83e1922cbdde
Dec 03 15:51:14.398 INFO [stderr]                                at libstd/sys/unix/backtrace/tracing/gcc_s.rs:49
Dec 03 15:51:14.398 INFO [stderr]    1:     0x557d454a5e87 - std::sys_common::backtrace::print::h00d3155a29b4020f
Dec 03 15:51:14.398 INFO [stderr]                                at libstd/sys_common/backtrace.rs:71
Dec 03 15:51:14.398 INFO [stderr]                                at libstd/sys_common/backtrace.rs:59
Dec 03 15:51:14.399 INFO [stderr]    2:     0x557d4549ed4f - std::panicking::default_hook::{{closure}}::hd7465c742e79e1bb
Dec 03 15:51:14.399 INFO [stderr]                                at libstd/panicking.rs:211
Dec 03 15:51:14.399 INFO [stderr]    3:     0x557d4549eab4 - std::panicking::default_hook::h9e3966f2aa2a6e12
Dec 03 15:51:14.399 INFO [stderr]                                at libstd/panicking.rs:227
Dec 03 15:51:14.399 INFO [stderr]    4:     0x557d4549f37e - std::panicking::rust_panic_with_hook::h587f091ae747d080
Dec 03 15:51:14.399 INFO [stderr]                                at libstd/panicking.rs:476
Dec 03 15:51:14.399 INFO [stderr]    5:     0x557d45470ee3 - std::panicking::begin_panic::h3cdb33aadd4ba46c
Dec 03 15:51:14.399 INFO [stderr]                                at libstd/panicking.rs:410
Dec 03 15:51:14.399 INFO [stderr]    6:     0x557d4546efb4 - build_script_build::main::hf707b40a95e32645
Dec 03 15:51:14.399 INFO [stderr]                                at /cargo-home/registry/src/github.com-1ecc6299db9ec823/rocket_codegen-0.3.17/build.rs:38
Dec 03 15:51:14.399 INFO [stderr]    7:     0x557d454717cf - std::rt::lang_start::{{closure}}::h6448f073247729bf
Dec 03 15:51:14.399 INFO [stderr]                                at libstd/rt.rs:74
Dec 03 15:51:14.399 INFO [stderr]    8:     0x557d4549edf2 - std::panicking::try::do_call::h52e7f80ff0fdcc45
Dec 03 15:51:14.399 INFO [stderr]                                at libstd/rt.rs:59
Dec 03 15:51:14.399 INFO [stderr]                                at libstd/panicking.rs:310
Dec 03 15:51:14.399 INFO [stderr]    9:     0x557d454b0e39 - __rust_maybe_catch_panic
Dec 03 15:51:14.399 INFO [stderr]                                at libpanic_unwind/lib.rs:102
Dec 03 15:51:14.399 INFO [stderr]   10:     0x557d4548eb0a - std::rt::lang_start_internal::h38cae898de7f805c
Dec 03 15:51:14.399 INFO [stderr]                                at libstd/panicking.rs:289
Dec 03 15:51:14.399 INFO [stderr]                                at libstd/panic.rs:392
Dec 03 15:51:14.399 INFO [stderr]                                at libstd/rt.rs:58
Dec 03 15:51:14.399 INFO [stderr]   11:     0x557d454717a8 - std::rt::lang_start::h3a7d4f3d64909f8d
Dec 03 15:51:14.399 INFO [stderr]                                at libstd/rt.rs:74
Dec 03 15:51:14.399 INFO [stderr]   12:     0x557d4546fe79 - main
Dec 03 15:51:14.399 INFO [stderr]   13:     0x7f10ad67882f - __libc_start_main
Dec 03 15:51:14.399 INFO [stderr]   14:     0x557d4546e658 - _start
Dec 03 15:51:14.399 INFO [stderr]   15:                0x0 - <unknown>
Dec 03 15:51:14.399 INFO [stderr] 
Dec 03 15:51:14.399 INFO [stderr] warning: build failed, waiting for other jobs to finish...
Dec 03 15:51:20.399 INFO [stderr] error[E0554]: #![feature] may not be used on the beta release channel
Dec 03 15:51:20.399 INFO [stderr]   --> /cargo-home/registry/src/github.com-1ecc6299db9ec823/literalext-0.1.1/src/lib.rs:19:37
Dec 03 15:51:20.399 INFO [stderr]    |
Dec 03 15:51:20.399 INFO [stderr] 19 | #![cfg_attr(feature = "proc-macro", feature(proc_macro))]
Dec 03 15:51:20.399 INFO [stderr]    |                                     ^^^^^^^^^^^^^^^^^^^
Dec 03 15:51:20.399 INFO [stderr] 
Dec 03 15:51:20.399 INFO [stderr] error: aborting due to previous error
Dec 03 15:51:20.399 INFO [stderr] 
Dec 03 15:51:20.399 INFO [stderr] For more information about this error, try `rustc --explain E0554`.
Dec 03 15:51:20.399 INFO [stderr] error: Could not compile `literalext`.
Dec 03 15:51:20.399 INFO [stderr] warning: build failed, waiting for other jobs to finish...
Dec 03 15:51:26.440 INFO [stderr] error: build failed
Dec 03 15:51:26.440 INFO [stderr] su: No module specific data is present
Dec 03 15:51:27.112 INFO running `"docker" "inspect" "0031e947e6740b99478da32842f2b21ca5ce51e5554b3b22ddc3758a068e0800"`
Dec 03 15:51:27.405 INFO running `"docker" "rm" "-f" "0031e947e6740b99478da32842f2b21ca5ce51e5554b3b22ddc3758a068e0800"`
Dec 03 15:51:27.711 INFO [stdout] 0031e947e6740b99478da32842f2b21ca5ce51e5554b3b22ddc3758a068e0800
